[INFO] fetching crate forceatlas2 0.4.1...
[INFO] checking forceatlas2-0.4.1 against master#e6e4f7ed1589e03bc2f6c5931c1a72e7947e8682 for beta-170-4
[INFO] extracting crate forceatlas2 0.4.1 into /workspace/builds/worker-0-tc2/source
[INFO] validating manifest of crates.io crate forceatlas2 0.4.1 on toolchain e6e4f7ed1589e03bc2f6c5931c1a72e7947e8682
[INFO] running `Command { std: CARGO_HOME="/workspace/cargo-home" RUSTUP_HOME="/workspace/rustup-home" "/workspace/cargo-home/bin/cargo" "+e6e4f7ed1589e03bc2f6c5931c1a72e7947e8682" "metadata" "--manifest-path" "Cargo.toml" "--no-deps", kill_on_drop: false }`
[INFO] started tweaking crates.io crate forceatlas2 0.4.1
[INFO] finished tweaking crates.io crate forceatlas2 0.4.1
[INFO] tweaked toml for crates.io crate forceatlas2 0.4.1 written to /workspace/builds/worker-0-tc2/source/Cargo.toml
[INFO] crate crates.io crate forceatlas2 0.4.1 already has a lockfile, it will not be regenerated
[INFO] running `Command { std: CARGO_HOME="/workspace/cargo-home" RUSTUP_HOME="/workspace/rustup-home" "/workspace/cargo-home/bin/cargo" "+e6e4f7ed1589e03bc2f6c5931c1a72e7947e8682" "fetch" "--manifest-path" "Cargo.toml", kill_on_drop: false }`
[INFO] running `Command { std: "docker" "create" "-v" "/var/lib/crater-agent-workspace/builds/worker-0-tc2/target:/opt/rustwide/target:rw,Z" "-v" "/var/lib/crater-agent-workspace/builds/worker-0-tc2/source:/opt/rustwide/workdir:ro,Z" "-v" "/var/lib/crater-agent-workspace/cargo-home:/opt/rustwide/cargo-home:ro,Z" "-v" "/var/lib/crater-agent-workspace/rustup-home:/opt/rustwide/rustup-home:ro,Z" "-e" "SOURCE_DIR=/opt/rustwide/workdir" "-e" "CARGO_TARGET_DIR=/opt/rustwide/target" "-e" "CARGO_HOME=/opt/rustwide/cargo-home" "-e" "RUSTUP_HOME=/opt/rustwide/rustup-home" "-w" "/opt/rustwide/workdir" "-m" "1610612736" "--user" "0:0" "--network" "none" "ghcr.io/rust-lang/crates-build-env/linux@sha256:19e73879b68f455e41552ea35293514db52ea292d993f571636dbffedb77a1ee" "/opt/rustwide/cargo-home/bin/cargo" "+e6e4f7ed1589e03bc2f6c5931c1a72e7947e8682" "metadata" "--no-deps" "--format-version=1", kill_on_drop: false }`
[INFO] [stdout] 61a368df457971eee270a81b2e6b01695f1b1696653bdd7e0e8d3fbe8297e4d3
[INFO] running `Command { std: "docker" "start" "-a" "61a368df457971eee270a81b2e6b01695f1b1696653bdd7e0e8d3fbe8297e4d3", kill_on_drop: false }`
[INFO] running `Command { std: "docker" "inspect" "61a368df457971eee270a81b2e6b01695f1b1696653bdd7e0e8d3fbe8297e4d3", kill_on_drop: false }`
[INFO] running `Command { std: "docker" "rm" "-f" "61a368df457971eee270a81b2e6b01695f1b1696653bdd7e0e8d3fbe8297e4d3", kill_on_drop: false }`
[INFO] [stdout] 61a368df457971eee270a81b2e6b01695f1b1696653bdd7e0e8d3fbe8297e4d3
[INFO] running `Command { std: "docker" "create" "-v" "/var/lib/crater-agent-workspace/builds/worker-0-tc2/target:/opt/rustwide/target:rw,Z" "-v" "/var/lib/crater-agent-workspace/builds/worker-0-tc2/source:/opt/rustwide/workdir:ro,Z" "-v" "/var/lib/crater-agent-workspace/cargo-home:/opt/rustwide/cargo-home:ro,Z" "-v" "/var/lib/crater-agent-workspace/rustup-home:/opt/rustwide/rustup-home:ro,Z" "-e" "SOURCE_DIR=/opt/rustwide/workdir" "-e" "CARGO_TARGET_DIR=/opt/rustwide/target" "-e" "CARGO_INCREMENTAL=0" "-e" "RUST_BACKTRACE=full" "-e" "RUSTFLAGS=--cap-lints=forbid" "-e" "RUSTDOCFLAGS=--cap-lints=forbid" "-e" "CARGO_HOME=/opt/rustwide/cargo-home" "-e" "RUSTUP_HOME=/opt/rustwide/rustup-home" "-w" "/opt/rustwide/workdir" "-m" "1610612736" "--user" "0:0" "--network" "none" "ghcr.io/rust-lang/crates-build-env/linux@sha256:19e73879b68f455e41552ea35293514db52ea292d993f571636dbffedb77a1ee" "/opt/rustwide/cargo-home/bin/cargo" "+e6e4f7ed1589e03bc2f6c5931c1a72e7947e8682" "check" "--frozen" "--all" "--all-targets" "--message-format=json", kill_on_drop: false }`
[INFO] [stdout] 485be657aa8aa001a7b22f6ae0fc3fcb2f69444e11415b6fb0d433a593f95fc1
[INFO] running `Command { std: "docker" "start" "-a" "485be657aa8aa001a7b22f6ae0fc3fcb2f69444e11415b6fb0d433a593f95fc1", kill_on_drop: false }`
[INFO] [stderr]    Compiling libc v0.2.142
[INFO] [stderr]    Compiling proc-macro2 v1.0.56
[INFO] [stderr]    Compiling quote v1.0.26
[INFO] [stderr]    Compiling thiserror v1.0.40
[INFO] [stderr]    Compiling num-traits v0.2.15
[INFO] [stderr]    Compiling ucd-trie v0.1.5
[INFO] [stderr]    Compiling pkg-config v0.3.26
[INFO] [stderr]    Compiling num-integer v0.1.45
[INFO] [stderr]    Compiling cc v1.0.79
[INFO] [stderr]    Compiling crc32fast v1.3.2
[INFO] [stderr]     Checking simd-adler32 v0.3.5
[INFO] [stderr]     Checking adler v1.0.2
[INFO] [stderr]    Compiling num-rational v0.4.1
[INFO] [stderr]     Checking miniz_oxide v0.7.1
[INFO] [stderr]    Compiling yeslogic-fontconfig-sys v3.2.0
[INFO] [stderr]    Compiling cfg-if v1.0.0
[INFO] [stderr]    Compiling version-compare v0.1.1
[INFO] [stderr]    Compiling log v0.4.17
[INFO] [stderr]    Compiling cmake v0.1.50
[INFO] [stderr]     Checking flate2 v1.0.26
[INFO] [stderr]    Compiling sdl2-sys v0.35.2
[INFO] [stderr]    Compiling syn v2.0.15
[INFO] [stderr]     Checking getrandom v0.2.9
[INFO] [stderr]     Checking fdeflate v0.3.0
[INFO] [stderr]     Checking libloading v0.7.4
[INFO] [stderr]     Checking color_quant v1.1.0
[INFO] [stderr]    Compiling syn v1.0.109
[INFO] [stderr]     Checking rand_core v0.6.4
[INFO] [stderr]     Checking dlib v0.5.0
[INFO] [stderr]     Checking num_cpus v1.15.0
[INFO] [stderr]     Checking dirs-sys-next v0.1.2
[INFO] [stderr]     Checking same-file v1.0.6
[INFO] [stderr]     Checking weezl v0.1.7
[INFO] [stderr]     Checking png v0.17.8
[INFO] [stderr]     Checking jpeg-decoder v0.3.0
[INFO] [stderr]    Compiling font-kit v0.11.0
[INFO] [stderr]    Compiling freetype-sys v0.13.1
[INFO] [stderr]     Checking const-cstr v0.3.0
[INFO] [stderr]     Checking bytemuck v1.13.1
[INFO] [stderr]     Checking plotters-backend v0.3.4
[INFO] [stderr]     Checking either v1.8.1
[INFO] [stderr]     Checking rand_chacha v0.3.1
[INFO] [stderr]     Checking gif v0.11.4
[INFO] [stderr]     Checking walkdir v2.3.3
[INFO] [stderr]     Checking rayon-core v1.11.0
[INFO] [stderr]     Checking dirs-next v2.0.0
[INFO] [stderr]     Checking time v0.1.45
[INFO] [stderr]    Compiling sdl2 v0.35.2
[INFO] [stderr]     Checking iana-time-zone v0.1.56
[INFO] [stderr]     Checking freetype v0.7.0
[INFO] [stderr]     Checking image v0.24.6
[INFO] [stderr]     Checking float-ord v0.2.0
[INFO] [stderr]     Checking rand v0.8.5
[INFO] [stderr]     Checking itertools v0.10.5
[INFO] [stderr]     Checking chrono v0.4.24
[INFO] [stderr]     Checking plotters-svg v0.3.3
[INFO] [stderr]     Checking rayon v1.7.0
[INFO] [stderr]     Checking maths-traits v0.2.1
[INFO] [stderr]     Checking ttf-parser v0.15.2
[INFO] [stderr]     Checking pin-utils v0.1.0
[INFO] [stderr]     Checking plotters-bitmap v0.3.2
[INFO] [stderr]     Checking scanrs v0.3.0
[INFO] [stderr]    Compiling thiserror-impl v1.0.40
[INFO] [stderr]     Checking forceatlas2 v0.4.1 (/opt/rustwide/workdir)
[INFO] [stderr]    Compiling pest v2.6.0
[INFO] [stderr]    Compiling alloc_counter_macro v0.0.2
[INFO] [stderr]     Checking alloc_counter v0.0.4
[INFO] [stderr]    Compiling semver-parser v0.10.2
[INFO] [stderr]    Compiling semver v0.11.0
[INFO] [stderr]    Compiling rustc_version v0.3.3
[INFO] [stderr]    Compiling pathfinder_simd v0.5.1
[INFO] [stderr]     Checking pathfinder_geometry v0.5.1
[INFO] [stderr]     Checking plotters v0.3.4
[INFO] [stdout] error[E0432]: unresolved import `stl`
[INFO] [stdout]  --> examples/graph_3d.rs:6:5
[INFO] [stdout]   |
[INFO] [stdout] 6 | use stl::*;
[INFO] [stdout]   |     ^^^ use of undeclared crate or module `stl`
[INFO] [stdout]   |
[INFO] [stdout] help: there is a crate or module with a similar name
[INFO] [stdout]   |
[INFO] [stdout] 6 | use std::*;
[INFO] [stdout]   |     ~~~
[INFO] [stdout] 
[INFO] [stdout] 
[INFO] [stdout] error[E0412]: cannot find type `Triangle` in this scope
[INFO] [stdout]   --> examples/graph_3d.rs:22:71
[INFO] [stdout]    |
[INFO] [stdout] 22 | fn tri(normal: [f32; 3], v1: [f32; 3], v2: [f32; 3], v3: [f32; 3]) -> Triangle {
[INFO] [stdout]    |                                                                       ^^^^^^^^ not found in this scope
[INFO] [stdout] 
[INFO] [stdout] 
[INFO] [stdout] error[E0422]: cannot find struct, variant or union type `Triangle` in this scope
[INFO] [stdout]   --> examples/graph_3d.rs:23:2
[INFO] [stdout]    |
[INFO] [stdout] 23 |     Triangle {
[INFO] [stdout]    |     ^^^^^^^^ not found in this scope
[INFO] [stdout] 
[INFO] [stdout] 
[INFO] [stdout] error[E0412]: cannot find type `Triangle` in this scope
[INFO] [stdout]   --> examples/graph_3d.rs:32:30
[INFO] [stdout]    |
[INFO] [stdout] 32 | fn octahedron(r: f32) -> Vec<Triangle> {
[INFO] [stdout]    |                              ^^^^^^^^ not found in this scope
[INFO] [stdout]    |
[INFO] [stdout] help: you might be missing a type parameter
[INFO] [stdout]    |
[INFO] [stdout] 32 | fn octahedron<Triangle>(r: f32) -> Vec<Triangle> {
[INFO] [stdout]    |              ++++++++++
[INFO] [stdout] 
[INFO] [stdout] 
[INFO] [stdout] error[E0412]: cannot find type `Triangle` in this scope
[INFO] [stdout]   --> examples/graph_3d.rs:66:49
[INFO] [stdout]    |
[INFO] [stdout] 66 | fn ico_sphere(r: f32, iterations: usize) -> Vec<Triangle> {
[INFO] [stdout]    |                                                 ^^^^^^^^ not found in this scope
[INFO] [stdout]    |
[INFO] [stdout] help: you might be missing a type parameter
[INFO] [stdout]    |
[INFO] [stdout] 66 | fn ico_sphere<Triangle>(r: f32, iterations: usize) -> Vec<Triangle> {
[INFO] [stdout]    |              ++++++++++
[INFO] [stdout] 
[INFO] [stdout] 
[INFO] [stdout] error[E0412]: cannot find type `Triangle` in this scope
[INFO] [stdout]   --> examples/graph_3d.rs:68:26
[INFO] [stdout]    |
[INFO] [stdout] 68 |     let mut sphere2 = Vec::<Triangle>::new();
[INFO] [stdout]    |                             ^^^^^^^^ not found in this scope
[INFO] [stdout]    |
[INFO] [stdout] help: you might be missing a type parameter
[INFO] [stdout]    |
[INFO] [stdout] 66 | fn ico_sphere<Triangle>(r: f32, iterations: usize) -> Vec<Triangle> {
[INFO] [stdout]    |              ++++++++++
[INFO] [stdout] 
[INFO] [stdout] 
[INFO] [stdout] error[E0412]: cannot find type `Triangle` in this scope
[INFO] [stdout]   --> examples/graph_3d.rs:87:30
[INFO] [stdout]    |
[INFO] [stdout] 87 | fn translate(solid: &mut Vec<Triangle>, offset: [f32; 3]) {
[INFO] [stdout]    |                              ^^^^^^^^ not found in this scope
[INFO] [stdout]    |
[INFO] [stdout] help: you might be missing a type parameter
[INFO] [stdout]    |
[INFO] [stdout] 87 | fn translate<Triangle>(solid: &mut Vec<Triangle>, offset: [f32; 3]) {
[INFO] [stdout]    |             ++++++++++
[INFO] [stdout] 
[INFO] [stdout] 
[INFO] [stdout] error[E0412]: cannot find type `Triangle` in this scope
[INFO] [stdout]    --> examples/graph_3d.rs:111:28
[INFO] [stdout]     |
[INFO] [stdout] 111 | fn clone_solid(solid: &Vec<Triangle>) -> Vec<Triangle> {
[INFO] [stdout]     |                            ^^^^^^^^ not found in this scope
[INFO] [stdout]     |
[INFO] [stdout] help: you might be missing a type parameter
[INFO] [stdout]     |
[INFO] [stdout] 111 | fn clone_solid<Triangle>(solid: &Vec<Triangle>) -> Vec<Triangle> {
[INFO] [stdout]     |               ++++++++++
[INFO] [stdout] 
[INFO] [stdout] 
[INFO] [stdout] error[E0412]: cannot find type `Triangle` in this scope
[INFO] [stdout]    --> examples/graph_3d.rs:111:46
[INFO] [stdout]     |
[INFO] [stdout] 111 | fn clone_solid(solid: &Vec<Triangle>) -> Vec<Triangle> {
[INFO] [stdout]     |                                              ^^^^^^^^ not found in this scope
[INFO] [stdout]     |
[INFO] [stdout] help: you might be missing a type parameter
[INFO] [stdout]     |
[INFO] [stdout] 111 | fn clone_solid<Triangle>(solid: &Vec<Triangle>) -> Vec<Triangle> {
[INFO] [stdout]     |               ++++++++++
[INFO] [stdout] 
[INFO] [stdout] 
[INFO] [stdout] error[E0422]: cannot find struct, variant or union type `Triangle` in this scope
[INFO] [stdout]    --> examples/graph_3d.rs:115:18
[INFO] [stdout]     |
[INFO] [stdout] 115 |         new_solid[i] = Triangle {
[INFO] [stdout]     |                        ^^^^^^^^ not found in this scope
[INFO] [stdout] 
[INFO] [stdout] 
[INFO] [stdout] error[E0412]: cannot find type `Triangle` in this scope
[INFO] [stdout]    --> examples/graph_3d.rs:135:27
[INFO] [stdout]     |
[INFO] [stdout] 135 | fn rotate(solid: &mut Vec<Triangle>, angle: [f32; 3]) {
[INFO] [stdout]     |                           ^^^^^^^^ not found in this scope
[INFO] [stdout]     |
[INFO] [stdout] help: you might be missing a type parameter
[INFO] [stdout]     |
[INFO] [stdout] 135 | fn rotate<Triangle>(solid: &mut Vec<Triangle>, angle: [f32; 3]) {
[INFO] [stdout]     |          ++++++++++
[INFO] [stdout] 
[INFO] [stdout] 
[INFO] [stdout] error[E0412]: cannot find type `Triangle` in this scope
[INFO] [stdout]    --> examples/graph_3d.rs:144:46
[INFO] [stdout]     |
[INFO] [stdout] 144 | fn cylinder(r: f32, h: f32, n: usize) -> Vec<Triangle> {
[INFO] [stdout]     |                                              ^^^^^^^^ not found in this scope
[INFO] [stdout]     |
[INFO] [stdout] help: you might be missing a type parameter
[INFO] [stdout]     |
[INFO] [stdout] 144 | fn cylinder<Triangle>(r: f32, h: f32, n: usize) -> Vec<Triangle> {
[INFO] [stdout]     |            ++++++++++
[INFO] [stdout] 
[INFO] [stdout] 
[INFO] [stdout] error[E0412]: cannot find type `Triangle` in this scope
[INFO] [stdout]    --> examples/graph_3d.rs:176:26
[INFO] [stdout]     |
[INFO] [stdout] 176 | fn scale(solid: &mut Vec<Triangle>, factor: [f32; 3]) {
[INFO] [stdout]     |                          ^^^^^^^^ not found in this scope
[INFO] [stdout]     |
[INFO] [stdout] help: you might be missing a type parameter
[INFO] [stdout]     |
[INFO] [stdout] 176 | fn scale<Triangle>(solid: &mut Vec<Triangle>, factor: [f32; 3]) {
[INFO] [stdout]     |         ++++++++++
[INFO] [stdout] 
[INFO] [stdout] 
[INFO] [stdout] error[E0412]: cannot find type `Triangle` in this scope
[INFO] [stdout]    --> examples/graph_3d.rs:184:29
[INFO] [stdout]     |
[INFO] [stdout] 184 | fn uniscale(solid: &mut Vec<Triangle>, factor: f32) {
[INFO] [stdout]     |                             ^^^^^^^^ not found in this scope
[INFO] [stdout]     |
[INFO] [stdout] help: you might be missing a type parameter
[INFO] [stdout]     |
[INFO] [stdout] 184 | fn uniscale<Triangle>(solid: &mut Vec<Triangle>, factor: f32) {
[INFO] [stdout]     |            ++++++++++
[INFO] [stdout] 
[INFO] [stdout] 
[INFO] [stdout] error[E0422]: cannot find struct, variant or union type `BinaryStlFile` in this scope
[INFO] [stdout]    --> examples/graph_3d.rs:333:4
[INFO] [stdout]     |
[INFO] [stdout] 333 |         &BinaryStlFile {
[INFO] [stdout]     |          ^^^^^^^^^^^^^ not found in this scope
[INFO] [stdout] 
[INFO] [stdout] 
[INFO] [stdout] error[E0422]: cannot find struct, variant or union type `BinaryStlHeader` in this scope
[INFO] [stdout]    --> examples/graph_3d.rs:334:12
[INFO] [stdout]     |
[INFO] [stdout] 334 |             header: BinaryStlHeader {
[INFO] [stdout]     |                     ^^^^^^^^^^^^^^^ not found in this scope
[INFO] [stdout] 
[INFO] [stdout] 
[INFO] [stdout] error[E0425]: cannot find function `write_stl` in this scope
[INFO] [stdout]    --> examples/graph_3d.rs:331:2
[INFO] [stdout]     |
[INFO] [stdout] 331 |     write_stl(
[INFO] [stdout]     |     ^^^^^^^^^ not found in this scope
[INFO] [stdout] 
[INFO] [stdout] 
[INFO] [stdout] error: aborting due to 17 previous errors
[INFO] [stdout] 
[INFO] [stdout] 
[INFO] [stdout] Some errors have detailed explanations: E0412, E0422, E0425, E0432.
[INFO] [stdout] 
[INFO] [stdout] For more information about an error, try `rustc --explain E0412`.
[INFO] [stdout] 
[INFO] [stderr] error: could not compile `forceatlas2` (example "graph_3d") due to 18 previous errors
[INFO] [stderr] warning: build failed, waiting for other jobs to finish...
[INFO] running `Command { std: "docker" "inspect" "485be657aa8aa001a7b22f6ae0fc3fcb2f69444e11415b6fb0d433a593f95fc1", kill_on_drop: false }`
[INFO] running `Command { std: "docker" "rm" "-f" "485be657aa8aa001a7b22f6ae0fc3fcb2f69444e11415b6fb0d433a593f95fc1", kill_on_drop: false }`
[INFO] [stdout] 485be657aa8aa001a7b22f6ae0fc3fcb2f69444e11415b6fb0d433a593f95fc1
